t are the prime factors of 83072?
2, 11, 59
List the prime factors of 285376.
2, 7, 13
List the prime factors of 172593.
3, 127, 151
What are the prime factors of 32008?
2, 4001
What are the prime factors of 657154?
2, 47, 6991
List the prime factors of 4895250.
2, 3, 5, 61, 107
What are the prime factors of 1187558?
2, 101, 5879
What are the prime factors of 8000935?
5, 1600187
What are the prime factors of 2100716?
2, 19, 131, 211
What are the prime factors of 611162?
2, 305581
List the prime factors of 3138777.
3, 101, 1151
What are the prime factors of 3307262?
2, 7, 23, 10271
List the prime factors of 2369470.
2, 5, 236947
What are the prime factors of 147378?
2, 3, 7, 11, 29
List the prime factors of 176385.
3, 5, 11, 1069
List the prime factors of 6033274.
2, 13, 232049
List the prime factors of 84859.
84859
What are the prime factors of 2595234?
2, 3, 432539
What are the prime factors of 487156?
2, 121789
List the prime factors of 601900.
2, 5, 13, 463
List the prime factors of 4652731.
29, 83, 1933
List the prime factors of 3728623.
59, 63197
List the prime factors of 200273.
200273
List the prime factors of 132357.
3, 44119
List the prime factors of 11023571.
13, 847967
List the prime factors of 224374.
2, 43, 2609
What are the prime factors of 717509?
13, 97, 569
What are the prime factors of 590406?
2, 3, 19, 5179
What are the prime factors of 2179384?
2, 272423
List the prime factors of 389497.
53, 7349
List the prime factors of 14835244.
2, 157, 23623
List the prime factors of 138974.
2, 11, 6317
What are the prime factors of 413076?
2, 3, 29, 1187
List the prime factors of 350625.
3, 5, 11, 17
What are the prime factors of 267369?
3, 89123
List the prime factors of 8875941.
3, 2958647
List the prime factors of 5304743.
19, 23, 61, 199
List the prime factors of 1474287.
3, 491429
List the prime factors of 11628598.
2, 2129, 2731
What are the prime factors of 3103907?
71, 43717
List the prime factors of 22390384.
2, 1399399
List the prime factors of 108484.
2, 37, 733
What are the prime factors of 620579?
620579
List the prime factors of 318204.
2, 3, 8839
List the prime factors of 189678.
2, 3, 101, 313
List the prime factors of 710959.
710959
What are the prime factors of 284378?
2, 142189
What are the prime factors of 1107156?
2, 3, 257, 359
What are the prime factors of 4638544?
2, 67, 4327
What are the prime factors of 871598?
2, 7, 13, 4789
List the prime factors of 445729.
233, 1913
List the prime factors of 31568.
2, 1973
What are the prime factors of 30042?
2, 3, 1669
What are the prime factors of 12087727?
12087727
What are the prime factors of 29765?
5, 5953
List the prime factors of 409668.
2, 3, 7, 4877
List the prime factors of 943784.
2, 117973
What are the prime factors of 245747?
245747
List the prime factors of 246425.
5, 9857
List the prime factors of 6805.
5, 1361
What are the prime factors of 850734?
2, 3, 151, 313
What are the prime factors of 23470026?
2, 3, 241, 16231
List the prime factors of 2953809.
3, 47, 6983
What are the prime factors of 1367783?
1367783
List the prime factors of 1231726.
2, 193, 3191
List the prime factors of 233448.
2, 3, 71, 137
List the prime factors of 977407.
977407
What are the prime factors of 20473?
59, 347
List the prime factors of 1470870.
2, 3, 5, 59, 277
List the prime factors of 350001.
3, 29, 149
List the prime factors of 20465292.
2, 3, 37, 46093
What are the prime factors of 265460?
2, 5, 13, 1021
List the prime factors of 5351958.
2, 3, 19, 15649
What are the prime factors of 642447?
3, 13, 17, 19
List the prime factors of 184958.
2, 92479
What are the prime factors of 15705212?
2, 17, 230959
What are the prime factors of 814279?
814279
What are the prime factors of 1127916?
2, 3, 17, 19, 97
List the prime factors of 117950.
2, 5, 7, 337
What are the prime factors of 216316?
2, 41, 1319
List the prime factors of 124368.
2, 3, 2591
List the prime factors of 3526.
2, 41, 43
What are the prime factors of 666995?
5, 7, 17, 19, 59
What are the prime factors of 351558?
2, 3, 19531
What are the prime factors of 94889?
94889
List the prime factors of 1085795.
5, 397, 547
What are the prime factors of 1367646?
2, 3, 7, 32563
What are the prime factors of 15653205?
3, 5, 347849
What are the prime factors of 28697252?
2, 7174313
What are the prime factors of 9008335?
5, 7, 257381
List the prime factors of 1441184.
2, 29, 1553
List the prime factors of 755426.
2, 7, 53959
What are the prime factors of 160472?
2, 13, 1543
What are the prime factors of 11155?
5, 23, 97
What are the prime factors of 774742?
2, 387371
List the prime factors of 406868.
2, 7, 11, 1321
What are the prime factors of 5079?
3, 1693
List the prime factors of 717370.
2, 5, 23, 3119
What are the prime factors of 361949?
7, 29, 1783
What are the prime factors of 1190214?
2, 3, 31, 79
What are the prime factors of 2449167?
3, 7, 16661
List the prime factors of 14936325.
3, 5, 199151
List the prime factors of 636141.
3, 11, 37, 521
What are the prime factors of 271838?
2, 7, 19417
What are the prime factors of 300486?
2, 3, 61, 821
List the prime factors of 7551164.
2, 101, 18691
List the prime factors of 1102793.
97, 11369
List the prime factors of 288633.
3, 96211
List the prime factors of 2692994.
2, 277, 4861
List the prime factors of 85841.
7, 12263
List the prime factors of 8202054.
2, 3, 7, 401, 487
List the prime factors of 278883.
3, 11, 313
What are the prime factors of 640669?
640669
What are the prime factors of 33555876?
2, 3, 41, 241, 283
List the prime factors of 95929.
95929
What are the prime factors of 2600851?
11, 101, 2341
List the prime factors of 714688.
2, 13, 859
List the prime factors of 71795.
5, 83, 173
List the prime factors of 1595541.
3, 531847
List the prime factors of 615912.
2, 3, 11, 2333
What are the prime factors of 293484?
2, 3, 37, 661
List the prime factors of 127999.
31, 4129
What are the prime factors of 241667?
241667
List the prime factors of 127258.
2, 63629
What are the prime factors of 7873010?
2, 5, 419, 1879
List the prime factors of 77626.
2, 37, 1049
What are the prime factors of 33722?
2, 13, 1297
What are the prime factors of 280664?
2, 35083
List the prime factors of 98540.
2, 5, 13, 379
What are the prime factors of 27342070?
2, 5, 7, 29, 13469
List the prime factors of 399641.
11, 47, 773
List the prime factors of 695332.
2, 11, 15803
List the prime factors of 14638724.
2, 137, 26713
What are the prime factors of 447909?
3, 7, 11, 277
What are the prime factors of 5562115?
5, 13, 85571
List the prime factors of 2869490.
2, 5, 13, 22073
What are the prime factors of 68024?
2, 11, 773
What are the prime factors of 6799188?
2, 3, 11, 19, 2711
What are the prime factors of 2842910?
2, 5, 7, 17, 2389
List the prime factors of 7283838.
2, 3, 67, 18119
List the prime factors of 352814.
2, 7, 11, 29, 79
What are the prime factors of 15886957?
1171, 13567
What are the prime factors of 1450936?
2, 293, 619
List the prime factors of 104263.
41, 2543
List the prime factors of 964859.
7, 29, 97
What are the prime factors of 844668?
2, 3, 11, 79
List the prime factors of 18222197.
7, 19, 7211
List the prime factors of 8818833.
3, 83, 107, 331
List the prime factors of 772339.
772339
What are the prime factors of 229542?
2, 3, 67, 571
List the prime factors of 3734017.
7, 499, 1069
List the prime factors of 1852071.
3, 13, 281
What are the prime factors of 5591298?
2, 3, 931883
List the prime factors of 122982.
2, 3, 103, 199
What are the prime factors of 23401?
7, 3343
What are the prime factors of 359069?
359069
What are the prime factors of 1219321?
47, 25943
List the prime factors of 327162.
2, 3, 11, 4957
What are the prime factors of 850625?
5, 1361
List the prime factors of 27154087.
3793, 7159
List the prime factors of 22458992.
2, 29, 97, 499
List the prime factors of 6213216.
2, 3, 61, 1061
What are the prime factors of 88432?
2, 5527
List the prime factors of 167955.
3, 5, 11197
List the prime factors of 5882702.
2, 7, 420193
List the prime factors of 325672.
2, 40709
List the prime factors of 7909730.
2, 5, 379, 2087
List the prime factors of 149996.
2, 7, 11, 487
What are the prime factors of 2350515?
3, 5, 349, 449
What are the prime factors of 219811?
